base 16) to base 6
103114
-101001000111 (base 2) to base 16
-a47
-4a7b (base 15) to base 9
-23678
Convert 11a (base 13) to base 10.
192
501 (base 11) to base 7
1524
-11374 (base 8) to base 11
-3719
What is 604 (base 9) in base 5?
3430
846 (base 10) to base 11
6aa
Convert 10312 (base 4) to base 7.
622
Convert -158 (base 12) to base 14.
-112
11000101 (base 3) to base 12
183a
-12361 (base 8) to base 10
-5361
Convert -37b (base 16) to base 3.
-1020000
Convert 1211012010 (base 3) to base 7.
206355
34150 (base 7) to base 14
3227
Convert -30420 (base 5) to base 11.
-1545
1103 (base 15) to base 9
4843
Convert 5039 (base 10) to base 16.
13af
What is -1102101 (base 4) in base 6?
-40213
-14830 (base 14) to base 7
-301460
Convert -1000101110 (base 2) to base 14.
-2bc
-1001010000001 (base 2) to base 9
-6443
-14232 (base 5) to base 14
-612
Convert 1000110100100 (base 2) to base 9.
6167
Convert -2122010 (base 3) to base 14.
-9b2
-1413 (base 6) to base 12
-269
1098 (base 16) to base 5
113443
191 (base 16) to base 3
112212
Convert -545 (base 9) to base 8.
-676
What is -12412 (base 6) in base 9?
-2518
What is -2222103 (base 4) in base 3?
-112221200
Convert 1858 (base 16) to base 13.
2ab5
1014 (base 7) to base 10
354
What is 2010111 (base 3) in base 8?
3020
Convert 382 (base 14) to base 6.
3130
-3101324 (base 5) to base 11
-347aa
Convert 30356 (base 9) to base 4.
10320021
What is 1121201 (base 3) in base 14?
604
What is 56167 (base 8) in base 12?
11847
-2121002 (base 4) to base 16
-2642
Convert -1100111001 (base 2) to base 8.
-1471
What is -359 (base 11) in base 13?
-26b
-128 (base 16) to base 13
-19a
263c (base 13) to base 2
1010101010011
What is 201110 (base 3) in base 9?
643
-31030132 (base 4) to base 8
-151436
What is 1020343 (base 5) in base 11?
11830
What is -182 (base 15) in base 5?
-2342
2147 (base 10) to base 6
13535
Convert 20818 (base 10) to base 6.
240214
What is 1729 (base 15) in base 11?
3826
What is -2884 (base 10) in base 3?
-10221211
11037 (base 8) to base 5
122024
Convert 1e5 (base 16) to base 7.
1262
What is 831 (base 10) in base 11?
696
a86 (base 15) to base 11
1870
Convert 3d (base 15) to base 4.
322
Convert -4220 (base 7) to base 12.
-a38
Convert -5326 (base 7) to base 8.
-3532
Convert 175 (base 16) to base 10.
373
What is a64 (base 14) in base 11?
15a2
What is 201110201 (base 3) in base 16?
3772
What is -2020121 (base 3) in base 9?
-2217
Convert -101431 (base 5) to base 3.
-11121200
-240 (base 16) to base 11
-484
What is 21426 (base 7) in base 3?
21100120
Convert 3257 (base 8) to base 15.
791
1aa77 (base 11) to base 10
29245
-1074 (base 8) to base 12
-3b8
What is 11740 (base 10) in base 15?
372a
-12220020 (base 3) to base 13
-1c59
Convert -525 (base 7) to base 9.
-323
What is -12103220 (base 4) in base 14?
-95b2
-211210020 (base 3) to base 2
-100000011100011
Convert b82 (base 13) to base 16.
7ad
Convert -57c3 (base 13) to base 9.
-17816
What is 5823 (base 12) in base 15?
2d99
-29 (base 10) to base 7
-41
1111 (base 5) to base 9
183
Convert -1171 (base 9) to base 11.
-725
What is 3377 (base 8) in base 5?
24131
Convert 1011111011101 (base 2) to base 10.
6109
1c (base 14) to base 10
26
-600 (base 14) to base 8
-2230
Convert -10110001 (base 2) to base 15.
-bc
What is -30232 (base 5) in base 13?
-b65
Convert -30816 (base 10) to base 13.
-11046
What is 132202 (base 4) in base 5?
30304
What is 23663 (base 9) in base 7?
64134
Convert 14623 (base 9) to base 10.
9984
What is -1894 (base 14) in base 2?
-1000101011010
What is -72 (base 11) in base 7?
-142
What is -213130 (base 4) in base 2?
-100111011100
What is 11100011110 (base 2) in base 5?
24242
1000001110 (base 2) to base 5
4101
What is f197 (base 16) in base 12?
2b95b
What is -554 (base 9) in base 7?
-1216
What is -1547 (base 10) in base 13?
-920
91 (base 10) to base 5
331
13162 (base 8) to base 15
1a81
-46135 (base 8) to base 9
-28731
What is 1222000 (base 3) in base 16?
597
What is -105a2 (base 11) in base 9?
-23054
2341 (base 10) to base 15
a61
-e62 (base 16) to base 3
-12001101
-4404 (base 7) to base 12
-ab0
Convert 11100100110100 (base 2) to base 15.
4514
Convert -32533 (base 10) to base 13.
-11a67
What is 11213 (base 5) in base 4?
30220
What is 1aaa (base 16) in base 13?
3151
Convert 8a0 (base 14) to base 9.
2307
52060 (base 7) to base 12
7451
Convert -2362 (base 10) to base 11.
-1858
What is 58d (base 16) in base 9?
1848
What is -168a (base 16) in base 13?
-281b
Convert -c (base 16) to base 2.
-1100
What is 11341 (base 5) in base 2?
1101001110
What is -13a80 (base 11) in base 15?
-5d8c
What is -40b (base 14) in base 2?
-1100011011
What is -196b (base 12) in base 11?
-2375
What is -124244 (base 5) in base 13?
-2339
Convert 57370 (base 9) to base 6.
452530
What is -4616 (base 8) in base 6?
-15154
688 (base 16) to base 15
767
Convert -23b7 (base 12) to base 7.
-14512
What is -88 (base 12) in base 8?
-150
What is 6634 (base 8) in base 14?
13ac
What is 800 (base 9) in base 5?
10043
Convert 14676 (base 8) to base 9.
10032
Convert 2332 (base 6) to base 2.
1000110000
-155654 (base 7) to base 15
-9225
52a (base 12) to base 6
3254
What is -2465 (base 8) in base 13?
-7b7
-3425 (base 14) to base 4
-2031121
Convert 11bb (base 13) to base 12.
1560
Convert 1245 (base 7) to base 2.
111011010
What is 20001201 (base 3) in base 12?
2684
Convert -1101000111101110 (base 2) to base 14.
-1582a
-5534 (base 6) to base 13
-778
305 (base 14) to base 11
49a
What is -45410 (base 6) in base 11?
-4901
Convert 2111201102 (base 3) to base 2.
1100000011010111
What is -12103 (base 4) in base 7?
-1114
-321310 (base 4) to base 2
-111001110100
-c170 (base 14) to base 5
-2030342
-2104 (base 6) to base 12
-334
-1651 (base 7) to base 15
-2ed
Convert -26440 (base 9) to base 10.
-17856
3035 (base 9) to base 12
134b
-2023 (base 5) to base 12
-19b
What is -1010001011 (base 2) in base 7?
-1620
Convert 111201 (base 4) to base 2.
10101100001
-30523 (base 7) to base 6
-54321
What is 1225 (base 10) in base 11?
a14
839 (base 11) to base 13
5c9
What is 1200010 (base 3) in base 7?
3360
Convert 11222213 (base 4) to base 15.
6d22
-120100 (base 4) to base 9
-2114
11103 (base 5) to base 12
54a
100311 (base 4) to base 3
1110220
What is c72 (base 14) in base 3?
10100211
What is -c14 (base 16) in base 10?
-3092
What is -348 (base 16) in base 3?
-1011010
What is -142cc (base 15) in base 16?
-fcff
141311 (base 8) to base 10
49865
What is -1010110101 (base 2) in base 10?
-693
224515 (base 6) to base 5
1103244
22406 (base 11) to base 6
410054
889 (base 12) to base 16
4e9
Convert 137 (base 9) to base 6.
311
What is 1210 (base 4) in base 7?
202
61541 (base 7) to base 6
153315
What is 2011122 (base 3) in base 16?
62f
1338 (base 9) to base 14
51d
155302 (base 6) to base 2
11110001010110
Convert -95 (base 13) to base 6.
-322
Convert -1c0b (base 13) to base 15.
-13c6
Convert -7139 (base 12) to base 11.
-9259
Convert 100111101 (base 2) to base 12.
225
What is 4b7 (base 12) in base 2?
1011001011
Convert -1313023 (base 4) to base 16.
-1dcb
Convert -1101111101 (base 2) to base 11.
-742
Convert -31203131 (base 4) to base 5.
-3234032
-3103 (base 7) to base 2
-10000111001
-23550 (base 7) to base 11
-4656
75270 (base 8) to base 13
113b8
27611 (base 10) to base 5
1340421
Convert 962 (base 13) to base 5.
22401
Convert 220202 (base 3) to base 16.
29c
-2121211201 (base 3) to base 11
-35889
-3200 (base 8) to base 11
-1283
What is 20100020 (base 3) in base 16?
120f
Convert -221012011 (base 3) to base 7.
-104353
Convert 110000100 (base 2) to base 5.
3023
-861 (base 12) to base 7
-3400
What is -111220021 (base 3) in base 7?
-41353
What is -311 (base 10) in base 15?
-15b
-23220 (base 4) to base 15
-349
-49 (base 15) to base 3
-2120
What is 221122 (base 3) in base 16?
2b4
What is 1070 (base 9) in base 6?
3400
-546 (base 10) to base 6
-2310
What is a1a (base 15) in base 16?
8e3
23132 (base 4) to base 8
1336
What is 1100000110001 (base 2) in base 4?
1200301
What is 10111212 (base 3) in base 6?
15505
-31 (base 6) to base 4
-103
What is 299 (base 10) in base 12?
20b
Convert -1010110001111011 (base 2) to base 15.
-d13a
Convert -1000000000101000 (base 2) to base 14.
-bd56
What is -6b80 (base 14) in base 5?
-1044412
-36 (base 9) to base 13
-27
Convert 5041 (base 12) to base 7.
